he prime factors of 1178230.
2, 5, 59, 1997
List the prime factors of 64406.
2, 32203
List the prime factors of 148018.
2, 13, 5693
List the prime factors of 645115.
5, 129023
What are the prime factors of 19013747?
227, 83761
List the prime factors of 1560503.
7, 31847
List the prime factors of 681329.
11, 23, 2693
What are the prime factors of 67563?
3, 7507
What are the prime factors of 714831?
3, 13, 18329
What are the prime factors of 189092?
2, 41, 1153
What are the prime factors of 271984?
2, 89, 191
What are the prime factors of 431304?
2, 3, 17971
What are the prime factors of 2118639?
3, 706213
List the prime factors of 108283.
7, 31, 499
What are the prime factors of 3643515?
3, 5, 137, 197
List the prime factors of 235980.
2, 3, 5, 19, 23
List the prime factors of 14148524.
2, 13, 31, 67, 131
What are the prime factors of 301545?
3, 5, 6701
What are the prime factors of 273664?
2, 1069
What are the prime factors of 1582126?
2, 7, 13, 8693
What are the prime factors of 758379?
3, 23, 29, 379
What are the prime factors of 2293528?
2, 19, 79, 191
What are the prime factors of 13564847?
13564847
What are the prime factors of 96654?
2, 3, 89, 181
List the prime factors of 13094896.
2, 17, 31, 1553
What are the prime factors of 24288063?
3, 397, 20393
What are the prime factors of 1083870?
2, 3, 5, 12043
What are the prime factors of 177601?
177601
What are the prime factors of 253798?
2, 113, 1123
List the prime factors of 13173137.
19, 693323
What are the prime factors of 2158142?
2, 7, 154153
List the prime factors of 2972906.
2, 29, 51257
List the prime factors of 379221.
3, 19, 6653
What are the prime factors of 37273?
37273
List the prime factors of 479196.
2, 3, 17, 29
List the prime factors of 205484.
2, 47, 1093
List the prime factors of 35428267.
7, 5061181
List the prime factors of 202608.
2, 3, 7, 67
List the prime factors of 16001010.
2, 3, 5, 59263
What are the prime factors of 8207143?
7, 103, 11383
What are the prime factors of 4965177?
3, 7, 29, 31, 263
What are the prime factors of 213174?
2, 3, 13, 911
List the prime factors of 269008.
2, 17, 23, 43
List the prime factors of 11605723.
11605723
List the prime factors of 15569650.
2, 5, 311393
What are the prime factors of 5019150?
2, 3, 5, 33461
List the prime factors of 579731.
31, 18701
List the prime factors of 74023.
79, 937
List the prime factors of 3956440.
2, 5, 98911
List the prime factors of 198498.
2, 3, 33083
What are the prime factors of 511377?
3, 17, 37, 271
List the prime factors of 571059.
3, 107, 593
List the prime factors of 602814.
2, 3, 100469
List the prime factors of 543930.
2, 3, 5, 18131
What are the prime factors of 2890262?
2, 419, 3449
What are the prime factors of 1037564?
2, 11, 23581
What are the prime factors of 724499?
724499
List the prime factors of 887611.
61, 14551
List the prime factors of 2958487.
7, 263, 1607
List the prime factors of 3103708.
2, 37, 67, 313
What are the prime factors of 117549?
3, 37, 353
What are the prime factors of 2770180?
2, 5, 7, 47, 421
What are the prime factors of 547842?
2, 3, 17, 41, 131
What are the prime factors of 1016041?
13, 78157
What are the prime factors of 310375?
5, 13, 191
List the prime factors of 143084.
2, 35771
What are the prime factors of 44040?
2, 3, 5, 367
List the prime factors of 1681656.
2, 3, 41, 1709
What are the prime factors of 40501050?
2, 3, 5, 193, 1399
List the prime factors of 365749.
365749
List the prime factors of 6732333.
3, 107, 6991
What are the prime factors of 2183039?
821, 2659
List the prime factors of 67701.
3, 22567
What are the prime factors of 398236?
2, 99559
List the prime factors of 255011.
271, 941
List the prime factors of 37928273.
349, 108677
What are the prime factors of 1763601?
3, 7, 137, 613
List the prime factors of 3040169.
11, 313, 883
List the prime factors of 542842.
2, 269, 1009
List the prime factors of 1716675.
3, 5, 47, 487
What are the prime factors of 219491?
219491
What are the prime factors of 1795430?
2, 5, 7, 13, 1973
List the prime factors of 382962.
2, 3, 83, 769
List the prime factors of 2463122.
2, 19, 53, 1223
What are the prime factors of 909894?
2, 3, 139, 1091
List the prime factors of 321638.
2, 73, 2203
List the prime factors of 279358.
2, 23, 6073
List the prime factors of 1445188.
2, 439, 823
What are the prime factors of 3328046?
2, 709, 2347
What are the prime factors of 225571?
191, 1181
What are the prime factors of 89591?
89591
List the prime factors of 385394.
2, 192697
List the prime factors of 408471.
3, 7, 53, 367
What are the prime factors of 188240?
2, 5, 13, 181
What are the prime factors of 28834339?
983, 29333
What are the prime factors of 640633?
7, 71, 1289
List the prime factors of 304602.
2, 3, 50767
List the prime factors of 20163934.
2, 7, 137, 10513
List the prime factors of 355453.
7, 17, 29, 103
What are the prime factors of 30833203?
30833203
What are the prime factors of 5664167?
71, 79777
What are the prime factors of 4240953?
3, 471217
List the prime factors of 1468743.
3, 41, 11941
List the prime factors of 20503772.
2, 31, 37, 41, 109
What are the prime factors of 1353075?
3, 5, 18041
What are the prime factors of 4259256?
2, 3, 103, 1723
What are the prime factors of 24057124?
2, 7, 13, 29, 43, 53
What are the prime factors of 1842950?
2, 5, 29, 31, 41
What are the prime factors of 1258112?
2, 9829
What are the prime factors of 122588?
2, 19, 1613
What are the prime factors of 435317?
435317
List the prime factors of 1525292.
2, 381323
What are the prime factors of 489321?
3, 7, 863
List the prime factors of 160609.
23, 6983
What are the prime factors of 5583573?
3, 29, 2377
What are the prime factors of 2617860?
2, 3, 5, 7, 23, 271
List the prime factors of 762244.
2, 7, 3889
List the prime factors of 4311097.
7, 23, 26777
What are the prime factors of 7068255?
3, 5, 471217
What are the prime factors of 141068?
2, 35267
What are the prime factors of 458989?
277, 1657
What are the prime factors of 3202600?
2, 5, 67, 239
List the prime factors of 12237468.
2, 3, 317, 3217
List the prime factors of 1802333.
13, 138641
List the prime factors of 24129219.
3, 8043073
List the prime factors of 791359.
179, 4421
What are the prime factors of 6266071?
7, 41, 3119
What are the prime factors of 11629996?
2, 7, 23, 18059
What are the prime factors of 2324098?
2, 7, 109, 1523
List the prime factors of 685540.
2, 5, 151, 227
What are the prime factors of 15221130?
2, 3, 5, 507371
List the prime factors of 1233195.
3, 5, 19, 4327
What are the prime factors of 137269?
11, 12479
List the prime factors of 398324.
2, 99581
List the prime factors of 1069554.
2, 3, 178259
List the prime factors of 1584380.
2, 5, 7, 11317
What are the prime factors of 80901?
3, 89, 101
List the prime factors of 6219097.
6219097
List the prime factors of 20589.
3, 6863
What are the prime factors of 31203?
3, 3467
List the prime factors of 1106086.
2, 553043
What are the prime factors of 13226?
2, 17, 389
List the prime factors of 5831938.
2, 7, 79, 5273
List the prime factors of 3170444.
2, 557, 1423
What are the prime factors of 8833954?
2, 4416977
List the prime factors of 262873.
13, 73, 277
What are the prime factors of 1040642?
2, 59, 8819
What are the prime factors of 557112?
2, 3, 139, 167
What are the prime factors of 7940116?
2, 449, 4421
List the prime factors of 744118.
2, 372059
List the prime factors of 758968.
2, 7, 13553
List the prime factors of 3599163.
3, 113, 3539
What are the prime factors of 2476297?
2476297
What are the prime factors of 4927099?
19, 259321
List the prime factors of 4923570.
2, 3, 5, 337, 487
List the prime factors of 227816.
2, 28477
What are the prime factors of 5281760?
2, 5, 11, 3001
What are the prime factors of 503501?
503501
List the prime factors of 294992.
2, 103, 179
List the prime factors of 914639.
11, 7559
List the prime factors of 2467636.
2, 616909
What are the prime factors of 1442340?
2, 3, 5, 2671
List the prime factors of 197514.
2, 3, 10973
List the prime factors of 54099.
3, 6011
What are the prime factors of 510858?
2, 3, 101, 281
What are the prime factors of 1230128?
2, 76883
What are the prime factors of 542764?
2, 29, 4679
What are the prime factors of 1200392?
2